ivided by 31?
7
Calculate the remainder when 462 is divided by 47.
39
Calculate the remainder when 47 is divided by 24.
23
Calculate the remainder when 217 is divided by 43.
2
What is the remainder when 21 is divided by 4?
1
What is the remainder when 2388 is divided by 43?
23
What is the remainder when 39 is divided by 38?
1
Calculate the remainder when 105 is divided by 10.
5
Calculate the remainder when 4606 is divided by 62.
18
What is the remainder when 2418 is divided by 44?
42
What is the remainder when 154 is divided by 112?
42
Calculate the remainder when 97 is divided by 27.
16
Calculate the remainder when 156 is divided by 99.
57
Calculate the remainder when 284 is divided by 15.
14
Calculate the remainder when 531 is divided by 41.
39
Calculate the remainder when 530 is divided by 265.
0
What is the remainder when 962 is divided by 954?
8
Calculate the remainder when 629 is divided by 70.
69
Calculate the remainder when 179 is divided by 69.
41
Calculate the remainder when 168 is divided by 14.
0
What is the remainder when 5220 is divided by 869?
6
What is the remainder when 1594 is divided by 28?
26
Calculate the remainder when 556 is divided by 14.
10
What is the remainder when 1838 is divided by 605?
23
What is the remainder when 1313 is divided by 73?
72
Calculate the remainder when 265 is divided by 7.
6
Calculate the remainder when 320 is divided by 5.
0
What is the remainder when 228 is divided by 21?
18
Calculate the remainder when 134 is divided by 7.
1
Calculate the remainder when 1113 is divided by 221.
8
What is the remainder when 24551 is divided by 264?
263
What is the remainder when 129 is divided by 41?
6
Calculate the remainder when 1946 is divided by 483.
14
What is the remainder when 2188 is divided by 15?
13
Calculate the remainder when 1278 is divided by 423.
9
Calculate the remainder when 211 is divided by 109.
102
Calculate the remainder when 184 is divided by 106.
78
Calculate the remainder when 206 is divided by 63.
17
What is the remainder when 686 is divided by 139?
130
What is the remainder when 208 is divided by 27?
19
Calculate the remainder when 3797 is divided by 152.
149
Calculate the remainder when 39 is divided by 12.
3
What is the remainder when 335 is divided by 112?
111
Calculate the remainder when 705 is divided by 225.
30
Calculate the remainder when 14660 is divided by 9.
8
Calculate the remainder when 623 is divided by 623.
0
Calculate the remainder when 895 is divided by 23.
21
Calculate the remainder when 31 is divided by 9.
4
Calculate the remainder when 48 is divided by 25.
23
Calculate the remainder when 76 is divided by 14.
6
What is the remainder when 220 is divided by 37?
35
What is the remainder when 2086 is divided by 18?
16
What is the remainder when 51 is divided by 17?
0
Calculate the remainder when 1473 is divided by 12.
9
Calculate the remainder when 34 is divided by 3.
1
What is the remainder when 448 is divided by 64?
0
Calculate the remainder when 443 is divided by 12.
11
Calculate the remainder when 204 is divided by 19.
14
Calculate the remainder when 43 is divided by 36.
7
Calculate the remainder when 229 is divided by 47.
41
What is the remainder when 154 is divided by 51?
1
What is the remainder when 655 is divided by 208?
31
What is the remainder when 175 is divided by 40?
15
Calculate the remainder when 116 is divided by 27.
8
Calculate the remainder when 952 is divided by 33.
28
What is the remainder when 434 is divided by 63?
56
Calculate the remainder when 7 is divided by 2.
1
Calculate the remainder when 64 is divided by 54.
10
What is the remainder when 970 is divided by 90?
70
Calculate the remainder when 280 is divided by 27.
10
Calculate the remainder when 95 is divided by 43.
9
Calculate the remainder when 1143 is divided by 234.
207
What is the remainder when 4186 is divided by 53?
52
What is the remainder when 300 is divided by 248?
52
What is the remainder when 52 is divided by 52?
0
Calculate the remainder when 99 is divided by 39.
21
What is the remainder when 8499 is divided by 34?
33
What is the remainder when 192 is divided by 34?
22
What is the remainder when 7696 is divided by 14?
10
Calculate the remainder when 182 is divided by 12.
2
Calculate the remainder when 1484 is divided by 55.
54
Calculate the remainder when 140 is divided by 11.
8
What is the remainder when 169 is divided by 156?
13
What is the remainder when 26174 is divided by 8?
6
Calculate the remainder when 176 is divided by 69.
38
Calculate the remainder when 8343 is divided by 13.
10
Calculate the remainder when 191 is divided by 32.
31
What is the remainder when 814 is divided by 262?
28
What is the remainder when 26 is divided by 16?
10
What is the remainder when 84 is divided by 7?
0
Calculate the remainder when 2972 is divided by 297.
2
Calculate the remainder when 1802 is divided by 78.
8
Calculate the remainder when 105 is divided by 29.
18
Calculate the remainder when 704 is divided by 116.
8
Calculate the remainder when 102 is divided by 20.
2
What is the remainder when 295 is divided by 83?
46
Calculate the remainder when 308 is divided by 113.
82
Calculate the remainder when 852 is divided by 19.
16
What is the remainder when 4635 is divided by 46?
35
What is the remainder when 159 is divided by 34?
23
What is the remainder when 1620 is divided by 65?
60
What is the remainder when 852 is divided by 10?
2
What is the remainder when 141 is divided by 37?
30
What is the remainder when 138 is divided by 50?
38
Calculate the remainder when 574 is divided by 48.
46
What is the remainder when 1002 is divided by 47?
15
What is the remainder when 1230 is divided by 44?
42
Calculate the remainder when 853 is divided by 20.
13
What is the remainder when 253 is divided by 15?
13
Calculate the remainder when 33 is divided by 28.
5
Calculate the remainder when 724 is divided by 359.
6
Calculate the remainder when 108 is divided by 79.
29
Calculate the remainder when 716 is divided by 25.
16
What is the remainder when 32 is divided by 23?
9
What is the remainder when 492 is divided by 123?
0
What is the remainder when 61 is divided by 5?
1
What is the remainder when 138 is divided by 87?
51
What is the remainder when 959 is divided by 478?
3
Calculate the remainder when 567 is divided by 130.
47
Calculate the remainder when 2038 is divided by 15.
13
What is the remainder when 2654 is divided by 331?
6
Calculate the remainder when 1082 is divided by 33.
26
What is the remainder when 156 is divided by 23?
18
Calculate the remainder when 347 is divided by 49.
4
Calculate the remainder when 178 is divided by 5.
3
What is the remainder when 139 is divided by 35?
34
What is the remainder when 27 is divided by 15?
12
What is the remainder when 228 is divided by 33?
30
Calculate the remainder when 70 is divided by 56.
14
Calculate the remainder when 5373 is divided by 168.
165
What is the remainder when 134 is divided by 16?
6
Calculate the remainder when 792 is divided by 15.
12
Calculate the remainder when 74 is divided by 52.
22
What is the remainder when 3223 is divided by 5?
3
What is the remainder when 6664 is divided by 202?
200
Calculate the remainder when 6248 is divided by 240.
8
Calculate the remainder when 334 is divided by 334.
0
Calculate the remainder when 55 is divided by 20.
15
Calculate the remainder when 86 is divided by 78.
8
Calculate the remainder when 703 is divided by 282.
139
What is the remainder when 196 is divided by 66?
64
What is the remainder when 1395 is divided by 1374?
21
Calculate the remainder when 209 is divided by 14.
13
What is the remainder when 425 is divided by 115?
80
What is the remainder when 227 is divided by 59?
50
What is the remainder when 150 is divided by 120?
30
Calculate the remainder when 16 is divided by 15.
1
Calculate the remainder when 3998 is divided by 44.
38
Calculate the remainder when 258 is divided by 19.
11
What is the remainder when 959 is divided by 74?
71
What is the remainder when 343 is divided by 43?
42
What is the remainder when 323 is divided by 56?
43
What is the remainder when 588 is divided by 11?
5
Calculate the remainder when 131 is divided by 80.
51
Calculate the remainder when 120 is divided by 30.
0
What is 